15, what is -1a9 + -19a84?
-19c3d
In base 15, what is 8b8613 + 9?
8b861c
In base 11, what is -1620367a - 5?
-16203684
In base 3, what is 2020211210 - 1110121?
2012101012
In base 16, what is 3c2e25a - 1?
3c2e259
In base 16, what is 804b0 + -1a?
80496
In base 12, what is 118 - -1025b?
10377
In base 2, what is 1000100111101010 - -110011001?
1000101110000011
In base 9, what is -2 + 4066666?
4066664
In base 8, what is -2257076 + 522?
-2256354
In base 14, what is -1d0326 + 80?
-1d0286
In base 13, what is 0 - 1933333?
-1933333
In base 9, what is -13844800 + -4?
-13844804
In base 4, what is -20112 - -1121333?
1101221
In base 2, what is 10111101101001100 - 11000010010?
10111010100111010
In base 16, what is 6 + -11d2b4f?
-11d2b49
In base 15, what is 19 + -d6735?
-d671b
In base 12, what is 1056 - 1469a?
-13644
In base 6, what is -2243434 + 1032?
-2242402
In base 6, what is 1312335 + -4?
1312331
In base 7, what is -1 + -1603366?
-1603400
In base 15, what is c25b4d - 71?
c25acc
In base 13, what is -24b907a4 + 5?
-24b9079c
In base 8, what is -23335702 + -10?
-23335712
In base 10, what is 250413222 + -1?
250413221
In base 2, what is 1110011001100010110100 + -100100?
1110011001100010010000
In base 12, what is -1957218 - 47?
-1957263
In base 5, what is -3 + 234203032100?
234203032042
In base 8, what is 3 + -1005423?
-1005420
In base 8, what is -122013 - 3054?
-125067
In base 10, what is 135523499 + -4?
135523495
In base 8, what is 210 + 745467?
745677
In base 13, what is -26585a + 0?
-26585a
In base 13, what is -b8824a + 40?
-b8820a
In base 4, what is -11 - 3123033310001?
-3123033310012
In base 15, what is 233769d - -a?
23376a8
In base 7, what is -2 - -305431200?
305431165
In base 9, what is 40172 + 34050?
74232
In base 14, what is -14a40c11 + 0?
-14a40c11
In base 9, what is 1 + -61817310?
-61817308
In base 4, what is -1020033 - 302?
-1021001
In base 16, what is 9217716 - -4?
921771a
In base 16, what is 722345 + -2?
722343
In base 10, what is -732059 + 3?
-732056
In base 16, what is -26 - 34cd?
-34f3
In base 3, what is 2001011200101210 + 11?
2001011200101221
In base 11, what is -89961 - 54?
-89a05
In base 5, what is -40341143234 - 3?
-40341143242
In base 4, what is -12103322010 + 1301?
-12103320103
In base 13, what is 1 + 32c6b88a?
32c6b88b
In base 5, what is -2302 + 121421002?
121413200
In base 8, what is -1712305 - -3?
-1712302
In base 10, what is -198742 + 24?
-198718
In base 6, what is 203104 + 3025?
210133
In base 16, what is 2 + -c73265?
-c73263
In base 6, what is -111050332231 + 2?
-111050332225
In base 3, what is -101210120222 + 2101?
-101210111121
In base 11, what is 1 + 5598807?
5598808
In base 5, what is 4 + 2234303240?
2234303244
In base 11, what is 2613 - -1a46?
4559
In base 8, what is 1 - -1425165647?
1425165650
In base 12, what is -169296 + b?
-169287
In base 13, what is -43a0 + -47c?
-484c
In base 12, what is 35a1 + 3597?
6b78
In base 12, what is 6a12036 + 3a?
6a12074
In base 2, what is -1011011011011 - -1100010100001?
111000110
In base 5, what is -3 - 202131000?
-202131003
In base 4, what is 220021102211210 + -3?
220021102211201
In base 7, what is -5 - -110420333?
110420325
In base 6, what is 25553 + -3534?
22015
In base 9, what is -18343183 - -5?
-18343177
In base 6, what is -101 - 144530255?
-144530400
In base 3, what is -12012 + -1020122022120?
-1020122111202
In base 9, what is 3222 + 20214?
23436
In base 12, what is -39 - 26036b6?
-2603733
In base 10, what is 8791 + 25950?
34741
In base 12, what is 643 - 41565?
-40b22
In base 7, what is -20504 - -435205?
414401
In base 15, what is -156 - 17e6?
-194c
In base 10, what is -4 - 57092992?
-57092996
In base 5, what is 2134033003 - -10?
2134033013
In base 14, what is 6ca637a8 - -5?
6ca637ad
In base 8, what is -363260 + 106?
-363152
In base 7, what is 65 + -404411?
-404313
In base 8, what is 71711 + 5412?
77323
In base 9, what is -128 + -171425?
-171554
In base 4, what is 233001110 + 1000?
233002110
In base 9, what is 142 - 168301?
-168148
In base 6, what is 2 - 252213553?
-252213551
In base 3, what is 111 + 111201020101020?
111201020101201
In base 8, what is 225 + -374260?
-374033
In base 13, what is -7a70 - 3c8?
-8168
In base 11, what is 0 + 50761514?
50761514
In base 15, what is -12e4c + 53?
-12de9
In base 15, what is -1325 - 29c?
-15c2
In base 6, what is 21134055 - -24?
21134123
In base 9, what is 680 + 271608?
272388
In base 5, what is -12230 - 143202?
-210432
In base 3, what is 101 - -120110011101210?
120110011102011
In base 16, what is -5 + 7ff2523?
7ff251e
In base 8, what is -530634 + 4253?
-524361
In base 14, what is 177d3d - -85?
177dc4
In base 16, what is 2e + -25f386?
-25f358
In base 5, what is 4204311432002 - -2?
4204311432004
In base 10, what is 1 - -274986189?
274986190
In base 13, what is 1 + -a6102a?
-a61029
In base 11, what is -2 - -1589a65?
1589a63
In base 10, what is -1510582104 + 4?
-1510582100
In base 7, what is 4020205312 - -2?
4020205314
In base 13, what is -247c + 1211?
-126b
In base 4, what is 2322103 + -23211?
2232232
In base 8, what is 0 - -22454127?
22454127
In base 16, what is -8 + c1c386?
c1c37e
In base 8, what is 2663730172 - 3?
2663730167
In base 16, what is -470319 + b?
-47030e
In base 9, what is -3528221 - 5?
-3528226
In base 11, what is 819617 - -2?
819619
In base 3, what is 102 + -100120021021?
-100120020212
In base 16, what is 2 - -12b358?
12b35a
In base 16, what is 10ad - 1e60?
-db3
In base 9, what is 133012058 + -1?
133012057
In base 13, what is c2 - -a8b30?
a8c22
In base 9, what is 7487744 + 3?
7487747
In base 8, what is -512447260 + 0?
-512447260
In base 8, what is 337 + -473777?
-473440
In base 12, what is -424b3 - -31?
-42482
In base 3, what is 10101001222011221 + -10?
10101001222011211
In base 9, what is 33448687 + 0?
33448687
In base 13, what is -19 + -8b294a?
-8b2966
In base 9, what is 38245272 + 7?
38245280
In base 2, what is 10001 + 11000011111010111?
11000011111101000
In base 14, what is 268d5a59 + 2?
268d5a5b
In base 2, what is 110001000 - -100000111001011001?
100000111111100001
In base 7, what is 3155 - 325650?
-322462
In base 7, what is -3460026611 + -4?
-3460026615
In base 15, what is e7dcbbb + -5?
e7dcbb6
In base 5, what is -1 + -132330414?
-132330420
In base 13, what is -98 - -3b391?
3b2c6
In base 2, what is -1100010 + -1011100100000010?
-1011100101100100
In base 13, what is -1325a + b175?
-50b5
In base 3, what is 10021210200021 + -1011?
10021210122010
In base 4, what is 1200221 - -30113303?
31320130
In base 8, what is 17 + -17162720?
-17162701
In base 5, what is -33022102 - -24?
-33022023
In base 8, what is -1101470 + 4253?
-1075215
In base 5, what is -14342243122 + 2?
-14342243120
In base 6, what is 1105 - 211535?
-210430
In base 15, what is 3e0648 + -8?
3e0640
In base 15, what is -228dac6 + 0?
-228dac6
In base 14, what is 245a - 35b?
20dd
In base 8, what is -30172763 + -4?
-30172767
In base 6, what is 5 + 142042235?
142042244
In base 14, what is 37219 - 2d?
371ca
In base 10, what is 835 - -20027?
20862
In base 12, what is -3b7 - 4485?
-4880
In base 6, what is -220211424 + 4?
-220211420
In base 9, what is 155147488 - 4?
155147484
In base 7, what is -16 - -1534542?
1534523
In base 8, what is -212120 - 2040?
-214160
In base 15, what is -8e4a915 - 5?
-8e4a91a
In base 10, what is 4306201 - 79?
4306122
In base 3, what is 10111 - 21111200201221?
-21111200121110
In base 3, what is -111011120 + -222001?
-112010121
In base 15, what is -9458ca - -9?
-9458c1
In base 10, what is -90210851 - 1?
-90210852
In base 7, what is -43331500 + 5?
-43331462
In base 13, what is -8 + -12238ca?
-1223905
In base 4, what is -10001012120 - 1320?
-10001020100
In base 12, what is 12671b - -1825?
128344
In base 5, what is 30142112414 + 20?
30142112434
In base 3, what is -121022220202122 + 12002?
-121022220120120
In base 14, what is -13395 - 5?
-1339a
In base 9, what is -11 + 1803426?
1803415
In base 2, what is 10100011100010011100 + -1011100?
10100011100001000000
In base 16, what is -39 + -2353b7?
-2353f0
In base 11, what is 10039 + 515?
10553
In base 16, what is ca5f + -373?
c6ec
In base 11, what is 15a + 5427a?
54429
In base 11, what is -481128 + -6?
-481133
In base 2, what is -1000001010 - -10000001001101000?
10000000001011110
In base 5, what is -3033404002341 - 0